). Suppose -9 = -t + 1. Let x be 34/t - 2/5. Give u(x).
-6
Let d(i) = 6*i**3 - 10*i**2 + 10*i + 2. Let z(c) = 5*c**3 - 9*c**2 + 9*c + 1. Let f be 2/5 + 110/(-25). Let q(p) = f*d(p) + 5*z(p). Calculate q(3).
-6
Suppose 0 = -2*g - 2 + 8. Let m(l) = 5 + 10*l - g*l - 8*l. Give m(4).
1
Let l(b) = b + 3. Let y(i) = -i**3 + 6*i**2 - 5*i. Let g be -14*3/(-6) + -2. Let n be y(g). Suppose -3 = j - n*j. Give l(j).
0
Let m(l) = l + 2. Let b(n) = n**3 - 3*n**2 - 4*n + 6. Let k be b(4). Let j = -4 - -10. Suppose 4*h - j = k. Give m(h).
5
Let q(s) = -2*s**2 + 3*s - 2. Let x(y) = 3*y**2 - 5*y + 3. Let j(p) = -8*q(p) - 5*x(p). Let t(g) = -g**2 - 7*g - 7. Let f(v) = -2*j(v) - t(v). Give f(6).
-1
Let i(s) be the third derivative of s**6/120 + s**5/10 + s**4/12 + 7*s**3/6 + 8*s**2. Let m be 12*(0 - 2/4). Let x be (m/7)/((-2)/(-14)). Give i(x).
-5
Let l = 7 + -12. Let t(n) = 1. Let o be 49/(-63) - 4/18. Let m(x) = x + 3. Let k(w) = o*m(w) - 4*t(w). Give k(l).
-2
Let k(t) = t**3 - 4*t**2 - 4*t - 5. Let v be 172/17 + (-6)/51. Suppose a + a - v = 0. What is k(a)?
0
Let q(k) = k + 4. Let n = 71 - 68. Give q(n).
7
Let b(m) = 5*m - 7. Let u(p) = -14*p + 21. Let v(i) = 11*b(i) + 4*u(i). What is v(4)?
3
Let x(o) be the third derivative of -o**5/60 - o**4/12 - 2*o**3/3 - 7*o**2. Determine x(4).
-28
Let a(m) = -12*m - 1. Suppose -2*d + 45 = -5*l, -3*d = -6*d. Let v be 4/10 + l/(-15). Give a(v).
-13
Let j(h) = -h**3 + h**2 + 2*h - 3. Let q be j(0). Let n(p) = p**2 + 4*p - 4. What is n(q)?
-7
Let m(x) = x - 2. Suppose -3*w + 31 + 15 = 5*v, -w + v + 2 = 0. Suppose 5*h = b + 34, -2*h - w = -4*b - 35. What is m(h)?
4
Suppose 0 = -2*s - g - 5 - 14, 5*s + 3*g + 50 = 0. Let c(j) = 5*j**2 - 15*j - 3. Let x(q) = -9*q**2 + 29*q + 7. Let u(y) = 11*c(y) + 6*x(y). What is u(s)?
-5
Let v(i) = -4 + 4 - i**2 - 2 + 5*i. What is v(4)?
2
Let s(h) = h - 1. Let b(a) = 4. Let d(t) = -b(t) - 3*s(t). What is d(1)?
-4
Let j(t) be the third derivative of -t**6/120 - t**5/60 + t**4/24 - t**3/3 + 3*t**2. Let y = -1 - -1. Calculate j(y).
-2
Let k(f) be the second derivative of f**4/12 + f**3/6 - f**2 + 2*f - 7. Give k(-3).
4
Let r(i) = -2*i + 2. Let z be ((-203)/35 + 7)*(-5)/2. Calculate r(z).
8
Let s(l) = -l**3 + 2*l**2 + 2*l + 3. Let k be 4*((-5)/(-2))/5. Let d(g) = -5*g + k*g + 4*g. Let u be d(3). What is s(u)?
0
Let i(r) = -13 + 2*r + 7 + 0. Calculate i(4).
2
Let u(r) = -10 + 14 + r - 8. Let b(s) = -s - 4. Let y be b(-6). Give u(y).
-2
Let q(n) = 11 - 179*n - 178*n + 356*n. Give q(9).
2
Let w(l) = 3*l**3 + 1 + 1 - 2*l**2 - 5*l**3 + 3*l. Suppose 4*x + 2 = 3*x. Calculate w(x).
4
Let u(s) = s**2 + 6*s + 1. Let n = -2 + -2. Calculate u(n).
-7
Let k(t) = t**2 + 6*t - 2. Let x be k(-5). Let o(s) = -s**3 - 6*s**2 + 5*s - 7. Let r be o(x). Let z(g) = -g**2 + g**2 + g**2 + 4 - r*g. What is z(5)?
-6
Let c(r) = r**3 + 7*r**2 + 7*r + 8. Let g = 1 + -7. What is c(g)?
2
Let t(o) = 4*o - 7*o**2 + 4 - o**3 + 8*o**2 - o. Let i be 2/3 - 98/(-6). Suppose 5*x + 2 = i. What is t(x)?
-5
Suppose 2*z = 9 - 3. Let l(o) = -9*o**2 + 16*o + 5. Let g(p) = 5*p**2 - 9*p - 3. Let m(c) = 11*g(c) + 6*l(c). Give m(z).
-3
Let y(d) = 34*d + 9. Let k(b) = -17*b - 4. Let i(p) = 7*k(p) + 3*y(p). Determine i(-1).
16
Let s(v) = 8*v**3 + 8*v**2 - 7*v + 6. Let h(m) = 7*m**3 + 7*m**2 - 6*m + 5. Let d(z) = 7*h(z) - 6*s(z). Determine d(-1).
-1
Let j(x) = x**3 + 6*x**2 - 2*x - 9. Let y be j(-6). Let i(h) = 3 - y + h + 3. What is i(5)?
8
Let x(q) be the second derivative of -q**6/120 - q**3/3 + q**2/2 + 2*q. Let k(h) be the first derivative of x(h). Calculate k(-2).
6
Let c(a) = 3*a**3 - 2*a**3 + 0 + 2*a - 3 + 5*a**2. Suppose 59 - 51 = -2*n. What is c(n)?
5
Let r(o) = -o**2 + 5*o - 4. Suppose a = 3*a - 10. Let g be ((-2)/(-4))/(1/4). Let k = a - g. Calculate r(k).
2
Let c(o) be the third derivative of o**4/24 - o**3/6 - o**2. Determine c(0).
-1
Let w(q) = -q**3 + 9*q**2 - 8*q - 5. Let b be w(8). Let c(l) = l**2 + 6*l - 1. What is c(b)?
-6
Let a(u) be the third derivative of u**5/60 - u**4/12 + 10*u**2. Give a(3).
3
Let d be 0/(-1 - 0) + 4. Let o(g) = -2*g + 4. Calculate o(d).
-4
Let k(q) be the third derivative of -q**6/120 - q**5/20 - q**4/6 - q**3/2 - 2*q**2. Determine k(-2).
1
Suppose 0 = -4*f + f + 6. Suppose g + r = -0 - 3, -14 = -2*g + f*r. Suppose g*s + 6 + 2 = 0. Let l(b) = -b**2 - 4*b - 3. What is l(s)?
-3
Let a(q) = 2*q**2 - 5*q + 3. Let h = 10 - 5. Let o(m) = -m**2 + 6*m - 2. Let d be o(h). Give a(d).
6
Let m(r) = -r**2 + 1. Let a(i) = 3*i**2 + 5*i - 7. Let x(v) = a(v) + 4*m(v). What is x(5)?
-3
Let v(h) be the third derivative of -h**6/120 + h**5/10 - h**4/6 - h**3/6 - 7*h**2. Give v(5).
4
Let p(v) = -5*v + v**2 + 4 + 2*v - 1. Suppose -u = 2*i - 2*u - 7, 2*i - 5*u - 3 = 0. Determine p(i).
7
Let f = -21 + 16. Let j(u) = -3*u**2 + 4*u. Let h(l) = l**2. Let n(b) = 4*h(b) + j(b). Give n(f).
5
Suppose 2*t = 3*t - 5*r - 23, -3*t + 5*r = -29. Let p(a) be the first derivative of 9/2*a**2 - a + t. Determine p(1).
8
Let u(i) = i + 6. Let o(m) = -m + 10. Let v be o(5). Let b = -3 + v. Let t be -2 - ((-4)/(-2))/b. What is u(t)?
3
Let n = 11 + -10. Let c be n/3 - 14/(-3). Let v(i) = -3*i + 5. What is v(c)?
-10
Let g(o) = o**2 + 4*o + 2. Let s be (-56)/8 - (-6)/(6/2). Determine g(s).
7
Let a(v) = -v**3 - 5*v**2 - 4*v - 1. Let o(m) be the second derivative of -m**5/20 - m**4/3 + m**3/3 + 2*m**2 + 3*m. Let x be o(-4). Calculate a(x).
-1
Let f(c) = 6*c - 25. Let q be f(5). Let i(g) = g**3 - 5*g**2 + g + 3. What is i(q)?
8
Let l be (2*-1)/((-10)/(-20)). Let t(b) = -b - 5. Determine t(l).
-1
Let g(x) = 1. Let h(s) = s + 1. Let j(q) = -g(q) - h(q). Suppose 0*l + l = -6. Give j(l).
4
Suppose -r = 2*r. Let w(n) be the first derivative of n**2/2 + 9*n - 4. Determine w(r).
9
Let f be (2 - (-9)/(-6))/(1/(-6)). Let o(u) = 2*u**2 + 3*u - 3. Determine o(f).
6
Let s(q) = -10 + 3*q**2 + q**3 + 12 - 2*q - 3*q. Determine s(-4).
6
Suppose -5 + 17 = -4*b. Let a(x) be the third derivative of -x**5/60 - x**4/6 + x**3/6 + x**2 + 24. Give a(b).
4
Let j(i) = -i. Let m be (0 - (-20)/2)/(-2). Let g(c) = -6*c. Let y(o) = m*j(o) + g(o). Determine y(4).
-4
Let a(w) = -17*w. Let g(j) = -4*j. Let k(s) = 6*a(s) - 26*g(s). Give k(-3).
-6
Let b(z) = -z**3 + 6*z**2 - 8*z + 5. Suppose w - 25 = -4*w. Suppose w*u = 4*u + 5. Give b(u).
-10
Suppose -8*g + 9 = 1. Let x(r) = 1 - 2 + 8*r - 3*r + 0*r. Give x(g).
4
Let j(c) = 2*c - 4*c - 3 + 4*c - c. Determine j(7).
4
Let b(l) = -l**2 + 5*l + 4. Suppose 3*j = j + 4. Suppose -4*n - 5 = -9*n. Let g be n/j + (-54)/(-12). Give b(g).
4
Let u(m) = -2*m**3 + 3*m**2 - 5*m - 5. Let j(w) = -w**3 + 2*w**2 - 3*w - 3. Let p(t) = -8*j(t) + 5*u(t). Determine p(-1).
1
Let g(m) be the second derivative of m**5/4 + m**4/12 - m**2/2 + 13*m. What is g(-1)?
-5
Let l(a) = a**3 + 5*a**2 + 3*a - 4. Let u be (-2 - 4/(-3))*-6. Suppose 2*g - 22 = -3*q, -34 = -u*g - 2*q + q. Suppose 28 = -5*d + g. What is l(d)?
0
Suppose 3*p = i + 4*i - 3, -16 = -4*i - p. Suppose -4*z - 2*t + i*t = -7, 4*z + 5*t - 37 = 0. Let h(c) = -c**2 + c + 2. What is h(z)?
-4
Let q = 2 - 3. Let m(h) be the second derivative of -1/2*h**2 + 0 + 1/2*h**4 + 0*h**3 - 4*h. Calculate m(q).
5
Let o(p) = p**3 + 4*p**2 + 5. Let k be o(-4). Let g(a) = 4*a + 0 - a**2 - a + k. What is g(5)?
-5
Suppose 0 = 5*a - 3*a - 4. Let c(f) = 2 + f**3 - 9 - f**a + 0*f**2 + f. Give c(0).
-7
Let y(k) = k - 1. Let i(m) = 4*m + 9. Let l(n) = i(n) - 2*y(n). Let r(t) = -t - 5. Let h(v) = 3*l(v) + 7*r(v). Give h(-7).
5
Let q(y) = -y**3 - 3*y**2 + 6*y + 2. Let u(h) = 3*h**3 + h**2 + 2*h. Let r be u(2). Suppose 3*j - r = 3*n - 2*j, 3*j - 16 = n. Give q(n).
-6
Let l be ((-2)/(-2))/(3/3). Let z(r) be the second derivative of 3*r**5/20 + r**4/12 - r**3/6 + r**2/2 + 3*r. Give z(l).
4
Let z(o) = -3 + 0*o + 2*o + 3*o. Suppose 3*v - 7 = -1. Give z(v).
7
Let i(u) be the third derivative of -u**7/504 - u**6/720 + u**4/24 + 2*u**2. Let p(a) be the second derivative of i(a). Let m be (-6)/33 + 9/(-11). Give p(m).
-4
Let m(r) = r + 7. Let k = -9 - -4. Let z = 2 + k. Let h = 3 + z. Calculate m(h).
7
Let k(y) = -y**2 + 11*y - 6. Suppose 0 = 2*i - 7*i + 50. Give k(i).
4
Let n(o) = -o**2 - 1. Let x be n(-2). Let p(a) be the second derivative of -a**3/6 + a**2/2 + 3*a. Determine p(x).
6
Let r be 7/(-2)*64/(-56). Let x(f) be the third derivative 